{"id":1000,"date":"2017-11-28T21:51:07","date_gmt":"2017-11-28T20:51:07","guid":{"rendered":"http:\/\/www.collis-clamat.de\/home\/?page_id=1000"},"modified":"2024-08-04T06:59:35","modified_gmt":"2024-08-04T04:59:35","slug":"b-camper-bewerbung","status":"publish","type":"page","link":"http:\/\/www.collis-clamat.de\/home\/b-camper-bewerbung\/","title":{"rendered":"Der B-Camper-Platz"},"content":{"rendered":"\n<h2 class=\"wp-block-heading\">Der B-Platz ist quasi voll &#8211; Bewerbungsstopp!<\/h2>\n\n\n\n<p>Wir bieten euch die M\u00f6glichkeit, auch als nicht-Mittelalter-Gruppe bei uns im Zelt zu \u00fcbernachten. Erlaubt sind auf dem B-Camper-Platz &#8222;normale&#8220; Zelte (Igluzelte, Dackelgaragen, Wurfzelte, &#8230;). Wir haben <strong>KEINE PL\u00c4TZE F\u00dcR WOHNMOBILE<\/strong>! Auch Autos d\u00fcrfen nicht auf den Zeltplatz.<br>Ihr m\u00fcsst euch selbstverst\u00e4ndlich an die Lagerordnung halten und bekommt gesonderte B\u00e4ndchen. Der ganze Papierkram wird gemailt und erkl\u00e4rt.<br><mark style=\"background-color:rgba(0, 0, 0, 0)\" class=\"has-inline-color has-vivid-red-color\"><strong>Wichtig: Ihr BEWERBT euch erst mal um einen Platz, es ist keine feste Buchung.<\/strong><br><\/mark><\/p>\n\n\n\n<h2 class=\"wp-block-heading\"><\/h2>\n\n\n\n<p><strong>Der Spa\u00df kostet pro Person einmalig 5,- Euro, egal ob eine Nacht oder das volle Programm.<\/strong><\/p>\n\n\n\n<p><strong>Wir schicken Ende Juli und &#8222;kurz vor knapp&#8220; eine E-Mail an alle raus, die einen Platz haben!<\/strong><br>Nachfragen m\u00fcssen an presse@collis-clamat.de, bitte nicht wild per WhatsApp an irgendwelche Nummern&#8230;<\/p>\n\n\n\n<p><br><\/p>\n\n\n\n<p><\/p>\n","protected":false},"excerpt":{"rendered":"<p>Der B-Platz ist quasi voll &#8211; Bewerbungsstopp! Wir bieten euch die M\u00f6glichkeit, auch als nicht-Mittelalter-Gruppe bei uns im Zelt zu \u00fcbernachten. Erlaubt sind auf dem B-Camper-Platz &#8222;normale&#8220; Zelte (Igluzelte, Dackelgaragen, Wurfzelte, &#8230;). Wir haben KEINE PL\u00c4TZE F\u00dcR WOHNMOBILE! Auch Autos d\u00fcrfen nicht auf den Zeltplatz.Ihr m\u00fcsst euch selbstverst\u00e4ndlich an die &#8230;<\/p>\n","protected":false},"author":2,"featured_media":0,"parent":0,"menu_order":0,"comment_status":"closed","ping_status":"closed","template":"","meta":{"footnotes":""},"class_list":["post-1000","page","type-page","status-publish","hentry","column","threecol"],"_links":{"self":[{"href":"http:\/\/www.collis-clamat.de\/home\/wp-json\/wp\/v2\/pages\/1000","targetHints":{"allow":["GET"]}}],"collection":[{"href":"http:\/\/www.collis-clamat.de\/home\/wp-json\/wp\/v2\/pages"}],"about":[{"href":"http:\/\/www.collis-clamat.de\/home\/wp-json\/wp\/v2\/types\/page"}],"author":[{"embeddable":true,"href":"http:\/\/www.collis-clamat.de\/home\/wp-json\/wp\/v2\/users\/2"}],"replies":[{"embeddable":true,"href":"http:\/\/www.collis-clamat.de\/home\/wp-json\/wp\/v2\/comments?post=1000"}],"version-history":[{"count":19,"href":"http:\/\/www.collis-clamat.de\/home\/wp-json\/wp\/v2\/pages\/1000\/revisions"}],"predecessor-version":[{"id":1585,"href":"http:\/\/www.collis-clamat.de\/home\/wp-json\/wp\/v2\/pages\/1000\/revisions\/1585"}],"wp:attachment":[{"href":"http:\/\/www.collis-clamat.de\/home\/wp-json\/wp\/v2\/media?parent=1000"}],"curies":[{"name":"wp","href":"https:\/\/api.w.org\/{rel}","templated":true}]}}