{"id":166,"date":"2017-08-14T09:36:32","date_gmt":"2017-08-14T07:36:32","guid":{"rendered":"http:\/\/www.collis-clamat.de\/home\/?page_id=166"},"modified":"2024-10-11T10:46:48","modified_gmt":"2024-10-11T08:46:48","slug":"anreise","status":"publish","type":"page","link":"https:\/\/www.collis-clamat.de\/home\/besucher\/anreise\/","title":{"rendered":"Anreise"},"content":{"rendered":"\n<p>Das Veranstaltungsgel\u00e4nde Katharinenberg liegt am s\u00fcdlichen Ortsrand von Wunsiedel. Parkpl\u00e4tze sind vorhanden und werden vor Ort ausgeschildert.<br>Mehr \u00fcber &#8222;den Berg&#8220; findet hier <a href=\"https:\/\/www.wunsiedel.de\/Tourismus-Freizeit\/G%C3%A4rten-Parks-Pl%C3%A4tze\/B%C3%BCrgerpark-Katharinenberg\/\">auf den Seiten der Stadt Wunsiedel<\/a>!<br>In der Stadt auf dem Volksfestplatz (&#8222;Burgerm\u00fchlweiher&#8220;) ist eine gro\u00dfe Fl\u00e4che, auch f\u00fcr gr\u00f6\u00dfere Fahrzeuge, auf der ihr kostenfrei parken k\u00f6nnt.<\/p>\n\n\n\n<p>Wir bei Google Maps: <a href=\"https:\/\/g.page\/collisclamat?share\" target=\"_blank\" rel=\"noopener\">https:\/\/g.page\/collisclamat?share<\/a><\/p>\n\n\n\n<p><strong>Wer gerne mit Zug oder Bus f\u00e4hrt, findet hier Infos:<\/strong><br><a href=\"https:\/\/www.vgf-web.de\/fahrplan\/linien-mit-fahrplaenen\/\" target=\"_blank\" rel=\"noopener\">https:\/\/www.vgf-web.de\/fahrplan\/linien-mit-fahrplaenen\/<\/a><br>Die n\u00e4chste Bushaltestelle ist &#8222;Jugendherberge&#8220;.<\/p>\n\n\n\n<p>Wir haben keinen Shuttleservice mehr! <br>Auch nicht f\u00fcr Herman &#8211; der aber ja eh mit dem Bus kommt.<\/p>\n","protected":false},"excerpt":{"rendered":"<p>Das Veranstaltungsgel\u00e4nde Katharinenberg liegt am s\u00fcdlichen Ortsrand von Wunsiedel. Parkpl\u00e4tze sind vorhanden und werden vor Ort ausgeschildert.Mehr \u00fcber &#8222;den Berg&#8220; findet hier auf den Seiten der Stadt Wunsiedel!In der Stadt auf dem Volksfestplatz (&#8222;Burgerm\u00fchlweiher&#8220;) ist eine gro\u00dfe Fl\u00e4che, auch f\u00fcr gr\u00f6\u00dfere Fahrzeuge, auf der ihr kostenfrei parken k\u00f6nnt. Wir bei &#8230;<\/p>\n","protected":false},"author":1,"featured_media":0,"parent":143,"menu_order":0,"comment_status":"closed","ping_status":"closed","template":"","meta":{"footnotes":""},"class_list":["post-166","page","type-page","status-publish","hentry","column","threecol"],"_links":{"self":[{"href":"https:\/\/www.collis-clamat.de\/home\/wp-json\/wp\/v2\/pages\/166","targetHints":{"allow":["GET"]}}],"collection":[{"href":"https:\/\/www.collis-clamat.de\/home\/wp-json\/wp\/v2\/pages"}],"about":[{"href":"https:\/\/www.collis-clamat.de\/home\/wp-json\/wp\/v2\/types\/page"}],"author":[{"embeddable":true,"href":"https:\/\/www.collis-clamat.de\/home\/wp-json\/wp\/v2\/users\/1"}],"replies":[{"embeddable":true,"href":"https:\/\/www.collis-clamat.de\/home\/wp-json\/wp\/v2\/comments?post=166"}],"version-history":[{"count":20,"href":"https:\/\/www.collis-clamat.de\/home\/wp-json\/wp\/v2\/pages\/166\/revisions"}],"predecessor-version":[{"id":1624,"href":"https:\/\/www.collis-clamat.de\/home\/wp-json\/wp\/v2\/pages\/166\/revisions\/1624"}],"up":[{"embeddable":true,"href":"https:\/\/www.collis-clamat.de\/home\/wp-json\/wp\/v2\/pages\/143"}],"wp:attachment":[{"href":"https:\/\/www.collis-clamat.de\/home\/wp-json\/wp\/v2\/media?parent=166"}],"curies":[{"name":"wp","href":"https:\/\/api.w.org\/{rel}","templated":true}]}}

<p>Das Veranstaltungsgelände Katharinenberg liegt am südlichen Ortsrand von Wunsiedel. Parkplätze sind vorhanden und werden vor Ort ausgeschildert.<br>Mehr über &#8222;den Berg&#8220; findet hier <a href="https://www.wunsiedel.de/Tourismus-Freizeit/G%C3%A4rten-Parks-Pl%C3%A4tze/B%C3%BCrgerpark-Katharinenberg/">auf den Seiten der Stadt Wunsiedel</a>!<br>In der Stadt auf dem Volksfestplatz (&#8222;Burgermühlweiher&#8220;) ist eine große Fläche, auch für größere Fahrzeuge, auf der ihr kostenfrei parken könnt.</p>



<p>Wir bei Google Maps: <a href="https://g.page/collisclamat?share" target="_blank" rel="noopener">https://g.page/collisclamat?share</a></p>



<p><strong>Wer gerne mit Zug oder Bus fährt, findet hier Infos:</strong><br><a href="https://www.vgf-web.de/fahrplan/linien-mit-fahrplaenen/" target="_blank" rel="noopener">https://www.vgf-web.de/fahrplan/linien-mit-fahrplaenen/</a><br>Die nächste Bushaltestelle ist &#8222;Jugendherberge&#8220;.</p>



<p>Wir haben keinen Shuttleservice mehr! <br>Auch nicht für Herman &#8211; der aber ja eh mit dem Bus kommt.</p>

<p>Das Veranstaltungsgelände Katharinenberg liegt am südlichen Ortsrand von Wunsiedel. Parkplätze sind vorhanden und werden vor Ort ausgeschildert.Mehr über &#8222;den Berg&#8220; findet hier auf den Seiten der Stadt Wunsiedel!In der Stadt auf dem Volksfestplatz (&#8222;Burgermühlweiher&#8220;) ist eine große Fläche, auch für größere Fahrzeuge, auf der ihr kostenfrei parken könnt. Wir bei &#8230;</p>
