{"id":50,"date":"2017-08-13T20:19:43","date_gmt":"2017-08-13T18:19:43","guid":{"rendered":"http:\/\/www.collis-clamat.de\/home\/?page_id=50"},"modified":"2024-10-11T10:39:07","modified_gmt":"2024-10-11T08:39:07","slug":"home","status":"publish","type":"page","link":"https:\/\/www.collis-clamat.de\/home\/","title":{"rendered":"Aktuelles"},"content":{"rendered":"\n<h1 class=\"wp-block-heading\">Collis Clamat 2009 &#8211; 2024<\/h1>\n\n\n\n<p>15 Jahre lang haben wir mit euch zusammen auf dem Katharinenberg rauschende Feste gefeiert. Es war eiskalt, hei\u00df, nass und staubtrocken, locker, stressig, lustig, traurig und viel mehr. Es trennten sich Wege, daf\u00fcr entstanden neue Freundschaften &#8211; und manchmal sogar ganze Familien.<br>Wir blicken zur\u00fcck auf fliegende Baumst\u00e4mme, brennende Steine, einen monstr\u00f6sen rosa Hasen, geschlagene Schlachten, grandiose Musik und unendlich viele Erinnerungen mehr.<br><br>Wir haben ganze Burgen, einen Belagerungsturm, eine mords Armbrust auf R\u00e4dern und einige Katapulte gebaut, darunter unsere beiden &#8222;Kathls&#8220;. Alles mit den eigenen H\u00e4nden, aus privatem Antrieb und eigenen Mitteln.<br>Collis Clamat wuchs zu einem Fest heran, das es \u00fcber die Landesgrenzen hinaus zur Bekanntheit gebracht hat, und das euch heute auf unsere Homepage gef\u00fchrt hat.<br><br>Jetzt, 2024, ist es, durch den Verkauf unseres von der Stadt Wunsiedel gepachteten Gel\u00e4ndes, f\u00fcr uns leider an der Zeit das Areal zu r\u00e4umen. Der neue Besitzer plant eine andere Nutzung, und unsere Bauten lassen sich darin leider nicht integrieren. <br>Die Entscheidung, die Lange Katharina, unser Wahrzeichen, niederzulegen, war keine leichte. Es flossen viele Tr\u00e4nen und alle denkbaren Optionen wurden durchgekaut. Auch wenn es sich Au\u00dfenstehenden vielleicht nicht erschlie\u00dfen mag, aber f\u00fcr uns war es am Ende der Konsens und richtige Weg.<br><br>Jedoch: In jedem Ende liegt ein neuer Anfang. <br>Uns Hundlinge gibt es weiterhin, ebenso unsere kleinen Katapulte, und den Schalk im Nacken.<br><br>Wir werden euch hier und auf den Social Media-Kan\u00e4len auf dem Laufenden halten, sowohl was uns als Verein, das Fest Collis Clamat als auch das Gel\u00e4nde (genannt &#8222;die 20-86&#8220;) betrifft.<br><br>Haltet die Ohren steif!<br>Euere Hundlinge <br>aus Wunsiedel<br><\/p>\n\n\n\n<p><\/p>\n\n\n\n<p><\/p>\n\n\n\n<p><strong>Und zum Schluss, nach diesem Wechselbad der Gef\u00fchle, auch noch allgemein was zum nachdenken: <\/strong><\/p>\n\n\n\n<p>Das Ehrenamt hat es schwer, nicht nur bei uns. Doch ohne die vielen freiwilligen Organisatoren, Trainer, Feuerwehrler, Wegpaten, Vorleser (\u2026) g\u00e4be es so vieles nicht, was das Leben sch\u00f6n und besser macht. Ja, man opfert einen Teil seiner Freizeit daf\u00fcr, aber es gibt auch unendlich viel zur\u00fcck. Nur vom jammern und mosern ist noch nie was geworden, und Geld alleine macht auch nicht gl\u00fccklich.<\/p>\n\n\n\n<p><br>&#8212;&#8212;&#8212;&#8212;&#8212;&#8212;&#8212;&#8211;<\/p>\n\n\n\n<h2 class=\"wp-block-heading\">Wir sind die mit dem Katapult!<\/h2>\n\n\n\n<p>Welches Katapult? DAS Katapult! Unsere &#8222;Katharina II.&#8220; war unser Wahrzeichen und das Herzst\u00fcck von Collis Clamat &#8211; und ganz nebenbei sogar das gr\u00f6\u00dfte Trebuchet auf europ\u00e4ischem Festland. Mehr zu unseren Bauten im laufe der Jahre findet ihr <a href=\"http:\/\/die-hundlinge.de\/katharina-ii\/\">hier<\/a>.<\/p>\n\n\n<div class=\"wp-block-image wp-image-264 size-full\">\n<figure class=\"aligncenter\"><img loading=\"lazy\" decoding=\"async\" width=\"800\" height=\"451\" src=\"http:\/\/www.collis-clamat.de\/home\/wp-content\/uploads\/2017\/08\/P1420746-HDR.jpg\" alt=\"\" class=\"wp-image-264\" srcset=\"https:\/\/www.collis-clamat.de\/home\/wp-content\/uploads\/2017\/08\/P1420746-HDR.jpg 800w, https:\/\/www.collis-clamat.de\/home\/wp-content\/uploads\/2017\/08\/P1420746-HDR-300x169.jpg 300w, https:\/\/www.collis-clamat.de\/home\/wp-content\/uploads\/2017\/08\/P1420746-HDR-768x433.jpg 768w, https:\/\/www.collis-clamat.de\/home\/wp-content\/uploads\/2017\/08\/P1420746-HDR-700x395.jpg 700w, https:\/\/www.collis-clamat.de\/home\/wp-content\/uploads\/2017\/08\/P1420746-HDR-332x187.jpg 332w\" sizes=\"auto, (max-width: 800px) 100vw, 800px\" \/><figcaption class=\"wp-element-caption\">Foto: Reinhard Dengler<\/figcaption><\/figure>\n<\/div>","protected":false},"excerpt":{"rendered":"<p>Collis Clamat 2009 &#8211; 2024 15 Jahre lang haben wir mit euch zusammen auf dem Katharinenberg rauschende Feste gefeiert. Es war eiskalt, hei\u00df, nass und staubtrocken, locker, stressig, lustig, traurig und viel mehr. Es trennten sich Wege, daf\u00fcr entstanden neue Freundschaften &#8211; und manchmal sogar ganze Familien.Wir blicken zur\u00fcck auf &#8230;<\/p>\n","protected":false},"author":1,"featured_media":0,"parent":0,"menu_order":0,"comment_status":"closed","ping_status":"closed","template":"","meta":{"footnotes":""},"class_list":["post-50","page","type-page","status-publish","hentry","column","threecol"],"_links":{"self":[{"href":"https:\/\/www.collis-clamat.de\/home\/wp-json\/wp\/v2\/pages\/50","targetHints":{"allow":["GET"]}}],"collection":[{"href":"https:\/\/www.collis-clamat.de\/home\/wp-json\/wp\/v2\/pages"}],"about":[{"href":"https:\/\/www.collis-clamat.de\/home\/wp-json\/wp\/v2\/types\/page"}],"author":[{"embeddable":true,"href":"https:\/\/www.collis-clamat.de\/home\/wp-json\/wp\/v2\/users\/1"}],"replies":[{"embeddable":true,"href":"https:\/\/www.collis-clamat.de\/home\/wp-json\/wp\/v2\/comments?post=50"}],"version-history":[{"count":48,"href":"https:\/\/www.collis-clamat.de\/home\/wp-json\/wp\/v2\/pages\/50\/revisions"}],"predecessor-version":[{"id":1618,"href":"https:\/\/www.collis-clamat.de\/home\/wp-json\/wp\/v2\/pages\/50\/revisions\/1618"}],"wp:attachment":[{"href":"https:\/\/www.collis-clamat.de\/home\/wp-json\/wp\/v2\/media?parent=50"}],"curies":[{"name":"wp","href":"https:\/\/api.w.org\/{rel}","templated":true}]}}